{"id":30248,"date":"2026-01-22T15:26:58","date_gmt":"2026-01-22T14:26:58","guid":{"rendered":"https:\/\/tofikolo.pl\/?post_type=product&#038;p=30248"},"modified":"2026-04-01T18:46:08","modified_gmt":"2026-04-01T16:46:08","slug":"felce-azzurra-zel-do-mycia-ciala-650ml-heban-i-wanilia","status":"publish","type":"product","link":"https:\/\/tofikolo.pl\/en\/product\/felce-azzurra-zel-do-mycia-ciala-650ml-heban-i-wanilia\/","title":{"rendered":"Felce Azzurra Ebano e Vaniglia (Heban i Wanilia) &#8211; \u017bel pod prysznic &#8211; 650ml"},"content":{"rendered":"<p><b data-path-to-node=\"21\" data-index-in-node=\"12\">Felce Azzurra Ebano e Vaniglia<\/b> to &#8222;Essenza Riequilibrante&#8221; \u2013 esencja, kt\u00f3ra przywraca r\u00f3wnowag\u0119 po intensywnym dniu. To jedno z najbardziej intryguj\u0105cych po\u0142\u0105cze\u0144 w ofercie w\u0142oskiego producenta: surowe, szlachetne nuty drewna hebanowego spotykaj\u0105 si\u0119 tutaj z otulaj\u0105c\u0105, ciep\u0142\u0105 s\u0142odycz\u0105 wanilii. Wynikiem jest zapach luksusowy, g\u0142\u0119boki i niezwykle trwa\u0142y, kt\u00f3ry doskonale odnajdzie si\u0119 w \u0142azience zar\u00f3wno kobiet, jak i m\u0119\u017cczyzn. \u017bel intensywnie piel\u0119gnuje sk\u00f3r\u0119, zapobiegaj\u0105c jej przesuszeniu i pozostawiaj\u0105c j\u0105 mi\u0119kk\u0105 w dotyku. To idealny towarzysz wieczornych k\u0105pieli przy \u015bwiecach.<\/p>","protected":false},"excerpt":{"rendered":"<p data-path-to-node=\"20,0,0\"><b data-path-to-node=\"20,0,0\" data-index-in-node=\"0\">Kraj pochodzenia:<\/b> W\u0142ochy \ud83c\uddee\ud83c\uddf9<\/p>\n<p data-path-to-node=\"20,1,0\"><b data-path-to-node=\"20,1,0\" data-index-in-node=\"0\">Zapach:<\/b> Ciep\u0142e drewno hebanowe i s\u0142odka wanilia \ud83e\udeb5\ud83c\udf66<\/p>\n<p data-path-to-node=\"20,2,0\"><b data-path-to-node=\"20,2,0\" data-index-in-node=\"0\">Efekt:<\/b> R\u00f3wnowaga (Rebalancing) i wyciszenie.<\/p>\n<p data-path-to-node=\"20,3,0\"><b data-path-to-node=\"20,3,0\" data-index-in-node=\"0\">Cechy:<\/b> G\u0142\u0119boki, &#8222;przydymiony&#8221; aromat typu unisex.<\/p>","protected":false},"featured_media":30234,"comment_status":"open","ping_status":"closed","template":"","meta":[],"product_brand":[241],"product_cat":[218,237],"product_tag":[],"class_list":{"0":"post-30248","1":"product","2":"type-product","3":"status-publish","4":"has-post-thumbnail","6":"product_brand-felce-azzurra","7":"product_cat-bez-kategorii","8":"product_cat-zel-pod-prysznic","10":"first","11":"instock","12":"shipping-taxable","13":"purchasable","14":"product-type-simple"},"_links":{"self":[{"href":"https:\/\/tofikolo.pl\/en\/wp-json\/wp\/v2\/product\/30248","targetHints":{"allow":["GET"]}}],"collection":[{"href":"https:\/\/tofikolo.pl\/en\/wp-json\/wp\/v2\/product"}],"about":[{"href":"https:\/\/tofikolo.pl\/en\/wp-json\/wp\/v2\/types\/product"}],"replies":[{"embeddable":true,"href":"https:\/\/tofikolo.pl\/en\/wp-json\/wp\/v2\/comments?post=30248"}],"version-history":[{"count":5,"href":"https:\/\/tofikolo.pl\/en\/wp-json\/wp\/v2\/product\/30248\/revisions"}],"predecessor-version":[{"id":31661,"href":"https:\/\/tofikolo.pl\/en\/wp-json\/wp\/v2\/product\/30248\/revisions\/31661"}],"wp:featuredmedia":[{"embeddable":true,"href":"https:\/\/tofikolo.pl\/en\/wp-json\/wp\/v2\/media\/30234"}],"wp:attachment":[{"href":"https:\/\/tofikolo.pl\/en\/wp-json\/wp\/v2\/media?parent=30248"}],"wp:term":[{"taxonomy":"product_brand","embeddable":true,"href":"https:\/\/tofikolo.pl\/en\/wp-json\/wp\/v2\/product_brand?post=30248"},{"taxonomy":"product_cat","embeddable":true,"href":"https:\/\/tofikolo.pl\/en\/wp-json\/wp\/v2\/product_cat?post=30248"},{"taxonomy":"product_tag","embeddable":true,"href":"https:\/\/tofikolo.pl\/en\/wp-json\/wp\/v2\/product_tag?post=30248"}],"curies":[{"name":"wp","href":"https:\/\/api.w.org\/{rel}","templated":true}]}}

Felce Azzurra Ebano e Vaniglia (Heban i Wanilia) &#8211; Żel pod prysznic &#8211; 650ml

<p><b data-path-to-node="21" data-index-in-node="12">Felce Azzurra Ebano e Vaniglia</b> to &#8222;Essenza Riequilibrante&#8221; – esencja, która przywraca równowagę po intensywnym dniu. To jedno z najbardziej intrygujących połączeń w ofercie włoskiego producenta: surowe, szlachetne nuty drewna hebanowego spotykają się tutaj z otulającą, ciepłą słodyczą wanilii. Wynikiem jest zapach luksusowy, głęboki i niezwykle trwały, który doskonale odnajdzie się w łazience zarówno kobiet, jak i mężczyzn. Żel intensywnie pielęgnuje skórę, zapobiegając jej przesuszeniu i pozostawiając ją miękką w dotyku. To idealny towarzysz wieczornych kąpieli przy świecach.</p>

<p data-path-to-node="20,0,0"><b data-path-to-node="20,0,0" data-index-in-node="0">Kraj pochodzenia:</b> Włochy 🇮🇹</p>
<p data-path-to-node="20,1,0"><b data-path-to-node="20,1,0" data-index-in-node="0">Zapach:</b> Ciepłe drewno hebanowe i słodka wanilia 🪵🍦</p>
<p data-path-to-node="20,2,0"><b data-path-to-node="20,2,0" data-index-in-node="0">Efekt:</b> Równowaga (Rebalancing) i wyciszenie.</p>
<p data-path-to-node="20,3,0"><b data-path-to-node="20,3,0" data-index-in-node="0">Cechy:</b> Głęboki, &#8222;przydymiony&#8221; aromat typu unisex.</p>
