{"id":31234,"date":"2026-03-19T20:04:50","date_gmt":"2026-03-19T19:04:50","guid":{"rendered":"https:\/\/tofikolo.pl\/?post_type=product&#038;p=31234"},"modified":"2026-04-01T18:16:27","modified_gmt":"2026-04-01T16:16:27","slug":"der-waschkonig-c-g-color-zel-do-prania-kolorow","status":"publish","type":"product","link":"https:\/\/tofikolo.pl\/en\/product\/der-waschkonig-c-g-color-zel-do-prania-kolorow\/","title":{"rendered":"Der Waschk\u00f6nig Color &#8211; \u017bel do prania kolor\u00f3w"},"content":{"rendered":"<p>Zadbaj o to, by Twoje ulubione ubrania wygl\u0105da\u0142y jak nowe przez lata dzi\u0119ki niemieckiemu specjali\u015bcie. <b data-path-to-node=\"36\" data-index-in-node=\"115\">Waschk\u00f6nig Color<\/b> zosta\u0142 zaprojektowany, by tworzy\u0107 niewidzialn\u0105 tarcz\u0119 wok\u00f3\u0142 barwnik\u00f3w w Twoich tkaninach. Zapobiega ich wyp\u0142ukiwaniu, dzi\u0119ki czemu czer\u0144 pozostaje g\u0142\u0119boka, a kolory nasycone i \u017cywe. \u017bel posiada subtelny, kwiatowy aromat, kt\u00f3ry dodaje praniu elegancji. Dzi\u0119ki ogromnej pojemno\u015bci i legendarnej niemieckiej wydajno\u015bci, jest to jeden z najcz\u0119\u015bciej wybieranych produkt\u00f3w przez klient\u00f3w szukaj\u0105cych profesjonalnej jako\u015bci w rozs\u0105dnej cenie.<\/p>","protected":false},"excerpt":{"rendered":"<p data-path-to-node=\"35,0,0\"><b data-path-to-node=\"35,0,0\" data-index-in-node=\"0\">Kraj pochodzenia:<\/b> Niemcy \ud83c\udde9\ud83c\uddea<\/p>\n<p data-path-to-node=\"35,1,0\"><b data-path-to-node=\"35,1,0\" data-index-in-node=\"0\">Zapach:<\/b> Kwiatowo-\u015bwie\u017cy \ud83c\udf38\ud83c\udf3f<\/p>\n<p data-path-to-node=\"35,2,0\"><b data-path-to-node=\"35,2,0\" data-index-in-node=\"0\">Wydajno\u015b\u0107:<\/b> 166 pra\u0144 (5 L).<\/p>\n<p data-path-to-node=\"35,3,0\"><b data-path-to-node=\"35,3,0\" data-index-in-node=\"0\">Zaleta:<\/b> Ochrona intensywno\u015bci kolor\u00f3w i struktury w\u0142\u00f3kien.<\/p>","protected":false},"featured_media":31193,"comment_status":"open","ping_status":"closed","template":"","meta":[],"product_brand":[],"product_cat":[221],"product_tag":[],"class_list":{"0":"post-31234","1":"product","2":"type-product","3":"status-publish","4":"has-post-thumbnail","6":"product_cat-pranie","8":"first","9":"instock","10":"shipping-taxable","11":"purchasable","12":"product-type-simple"},"_links":{"self":[{"href":"https:\/\/tofikolo.pl\/en\/wp-json\/wp\/v2\/product\/31234","targetHints":{"allow":["GET"]}}],"collection":[{"href":"https:\/\/tofikolo.pl\/en\/wp-json\/wp\/v2\/product"}],"about":[{"href":"https:\/\/tofikolo.pl\/en\/wp-json\/wp\/v2\/types\/product"}],"replies":[{"embeddable":true,"href":"https:\/\/tofikolo.pl\/en\/wp-json\/wp\/v2\/comments?post=31234"}],"version-history":[{"count":4,"href":"https:\/\/tofikolo.pl\/en\/wp-json\/wp\/v2\/product\/31234\/revisions"}],"predecessor-version":[{"id":31765,"href":"https:\/\/tofikolo.pl\/en\/wp-json\/wp\/v2\/product\/31234\/revisions\/31765"}],"wp:featuredmedia":[{"embeddable":true,"href":"https:\/\/tofikolo.pl\/en\/wp-json\/wp\/v2\/media\/31193"}],"wp:attachment":[{"href":"https:\/\/tofikolo.pl\/en\/wp-json\/wp\/v2\/media?parent=31234"}],"wp:term":[{"taxonomy":"product_brand","embeddable":true,"href":"https:\/\/tofikolo.pl\/en\/wp-json\/wp\/v2\/product_brand?post=31234"},{"taxonomy":"product_cat","embeddable":true,"href":"https:\/\/tofikolo.pl\/en\/wp-json\/wp\/v2\/product_cat?post=31234"},{"taxonomy":"product_tag","embeddable":true,"href":"https:\/\/tofikolo.pl\/en\/wp-json\/wp\/v2\/product_tag?post=31234"}],"curies":[{"name":"wp","href":"https:\/\/api.w.org\/{rel}","templated":true}]}}

Der Waschkönig Color &#8211; Żel do prania kolorów

<p>Zadbaj o to, by Twoje ulubione ubrania wyglądały jak nowe przez lata dzięki niemieckiemu specjaliście. <b data-path-to-node="36" data-index-in-node="115">Waschkönig Color</b> został zaprojektowany, by tworzyć niewidzialną tarczę wokół barwników w Twoich tkaninach. Zapobiega ich wypłukiwaniu, dzięki czemu czerń pozostaje głęboka, a kolory nasycone i żywe. Żel posiada subtelny, kwiatowy aromat, który dodaje praniu elegancji. Dzięki ogromnej pojemności i legendarnej niemieckiej wydajności, jest to jeden z najczęściej wybieranych produktów przez klientów szukających profesjonalnej jakości w rozsądnej cenie.</p>

<p data-path-to-node="35,0,0"><b data-path-to-node="35,0,0" data-index-in-node="0">Kraj pochodzenia:</b> Niemcy 🇩🇪</p>
<p data-path-to-node="35,1,0"><b data-path-to-node="35,1,0" data-index-in-node="0">Zapach:</b> Kwiatowo-świeży 🌸🌿</p>
<p data-path-to-node="35,2,0"><b data-path-to-node="35,2,0" data-index-in-node="0">Wydajność:</b> 166 prań (5 L).</p>
<p data-path-to-node="35,3,0"><b data-path-to-node="35,3,0" data-index-in-node="0">Zaleta:</b> Ochrona intensywności kolorów i struktury włókien.</p>
